{"id":82,"date":"2022-06-19T22:45:45","date_gmt":"2022-06-19T20:45:45","guid":{"rendered":"https:\/\/lcdmusique.fr\/?page_id=82"},"modified":"2023-09-25T04:15:14","modified_gmt":"2023-09-25T02:15:14","slug":"inscription","status":"publish","type":"page","link":"http:\/\/lcdmusique.fr\/?page_id=82","title":{"rendered":"Inscription"},"content":{"rendered":"<div class=\"wpforms-container wpforms-container-full wpforms-block wpforms-block-510d5b3e-d272-40a4-b919-637fde3c025c\" id=\"wpforms-54\"><form id=\"wpforms-form-54\" class=\"wpforms-validate wpforms-form wpforms-ajax-form\" data-formid=\"54\" method=\"post\" enctype=\"multipart\/form-data\" action=\"\/index.php?rest_route=%2Fwp%2Fv2%2Fpages%2F82\" data-token=\"c14d1d37fed830cc94aeece4c58c798d\" data-token-time=\"1777500536\"><noscript class=\"wpforms-error-noscript\">Veuillez activer JavaScript dans votre navigateur pour remplir ce formulaire.<\/noscript><div class=\"wpforms-field-container\"><div id=\"wpforms-54-field_19-container\" class=\"wpforms-field wpforms-field-text\" data-field-id=\"19\"><label class=\"wpforms-field-label\" for=\"wpforms-54-field_19\">Nom de l&#039;\u00e9l\u00e8ve <span class=\"wpforms-required-label\">*<\/span><\/label><input type=\"text\" id=\"wpforms-54-field_19\" class=\"wpforms-field-medium wpforms-field-required\" name=\"wpforms[fields][19]\" required><\/div><div id=\"wpforms-54-field_2-container\" class=\"wpforms-field wpforms-field-text\" data-field-id=\"2\"><label class=\"wpforms-field-label\" for=\"wpforms-54-field_2\">Pr\u00e9nom <span class=\"wpforms-required-label\">*<\/span><\/label><input type=\"text\" id=\"wpforms-54-field_2\" class=\"wpforms-field-medium wpforms-field-required\" name=\"wpforms[fields][2]\" required><\/div><div id=\"wpforms-54-field_3-container\" class=\"wpforms-field wpforms-field-text\" data-field-id=\"3\"><label class=\"wpforms-field-label\" for=\"wpforms-54-field_3\">Age <span class=\"wpforms-required-label\">*<\/span><\/label><input type=\"text\" id=\"wpforms-54-field_3\" class=\"wpforms-field-medium wpforms-field-required\" name=\"wpforms[fields][3]\" required><\/div><div id=\"wpforms-54-field_4-container\" class=\"wpforms-field wpforms-field-text\" data-field-id=\"4\"><label class=\"wpforms-field-label\" for=\"wpforms-54-field_4\">Nom du responsable<\/label><input type=\"text\" id=\"wpforms-54-field_4\" class=\"wpforms-field-medium\" name=\"wpforms[fields][4]\" ><\/div><div id=\"wpforms-54-field_5-container\" class=\"wpforms-field wpforms-field-text\" data-field-id=\"5\"><label class=\"wpforms-field-label\" for=\"wpforms-54-field_5\">Adresse <span class=\"wpforms-required-label\">*<\/span><\/label><input type=\"text\" id=\"wpforms-54-field_5\" class=\"wpforms-field-medium wpforms-field-required\" name=\"wpforms[fields][5]\" required><\/div><div id=\"wpforms-54-field_6-container\" class=\"wpforms-field wpforms-field-text\" data-field-id=\"6\"><label class=\"wpforms-field-label\" for=\"wpforms-54-field_6\">Code postal &#8211; Ville <span class=\"wpforms-required-label\">*<\/span><\/label><input type=\"text\" id=\"wpforms-54-field_6\" class=\"wpforms-field-medium wpforms-field-required\" name=\"wpforms[fields][6]\" required><\/div><div id=\"wpforms-54-field_7-container\" class=\"wpforms-field wpforms-field-text\" data-field-id=\"7\"><label class=\"wpforms-field-label\" for=\"wpforms-54-field_7\">T\u00e9l\u00e9phone <span class=\"wpforms-required-label\">*<\/span><\/label><input type=\"text\" id=\"wpforms-54-field_7\" class=\"wpforms-field-medium wpforms-field-required\" name=\"wpforms[fields][7]\" required><\/div><div id=\"wpforms-54-field_9-container\" class=\"wpforms-field wpforms-field-email\" data-field-id=\"9\"><label class=\"wpforms-field-label\" for=\"wpforms-54-field_9\">E-mail <span class=\"wpforms-required-label\">*<\/span><\/label><input type=\"email\" id=\"wpforms-54-field_9\" class=\"wpforms-field-medium wpforms-field-required\" name=\"wpforms[fields][9]\" spellcheck=\"false\" required><\/div><div id=\"wpforms-54-field_10-container\" class=\"wpforms-field wpforms-field-select wpforms-field-select-style-classic\" data-field-id=\"10\"><label class=\"wpforms-field-label\" for=\"wpforms-54-field_10\">Instrument <span class=\"wpforms-required-label\">*<\/span><\/label><select id=\"wpforms-54-field_10\" class=\"wpforms-field-medium wpforms-field-required\" name=\"wpforms[fields][10]\" required=\"required\"><option value=\"Guitare\" >Guitare<\/option><option value=\"Piano\" >Piano<\/option><option value=\"Batterie\" >Batterie<\/option><option value=\"Harmonica\" >Harmonica<\/option><option value=\"Chant\" >Chant<\/option><option value=\"Improvisation\" >Improvisation<\/option><option value=\"Saxophone\" >Saxophone<\/option><option value=\"Clarinette\" >Clarinette<\/option><\/select><\/div><div id=\"wpforms-54-field_12-container\" class=\"wpforms-field wpforms-field-select wpforms-field-select-style-classic\" data-field-id=\"12\"><label class=\"wpforms-field-label\" for=\"wpforms-54-field_12\">Professeur <span class=\"wpforms-required-label\">*<\/span><\/label><select id=\"wpforms-54-field_12\" class=\"wpforms-field-medium wpforms-field-required\" name=\"wpforms[fields][12]\" required=\"required\"><option value=\"David (Guitare)\" >David (Guitare)<\/option><option value=\"Laure (Piano)\" >Laure (Piano)<\/option><option value=\"Caroline (Piano)\" >Caroline (Piano)<\/option><option value=\"Aim\u00e9e (Chant)\" >Aim\u00e9e (Chant)<\/option><option value=\"Patricia (Piano)\" >Patricia (Piano)<\/option><option value=\"Antonina (Piano)\" >Antonina (Piano)<\/option><option value=\"Philippe (Batterie)\" >Philippe (Batterie)<\/option><option value=\"Bruno (Harmonica et piano Jazz)\" >Bruno (Harmonica et piano Jazz)<\/option><option value=\"R\u00e9mi (Saxophone et clarinette)\" >R\u00e9mi (Saxophone et clarinette)<\/option><\/select><\/div><div id=\"wpforms-54-field_20-container\" class=\"wpforms-field wpforms-field-select wpforms-field-select-style-classic\" data-field-id=\"20\"><label class=\"wpforms-field-label\" for=\"wpforms-54-field_20\">Ville d\u00e9sir\u00e9e <span class=\"wpforms-required-label\">*<\/span><\/label><select id=\"wpforms-54-field_20\" class=\"wpforms-field-medium wpforms-field-required\" name=\"wpforms[fields][20]\" required=\"required\"><option value=\"Gambais\" >Gambais<\/option><option value=\"Orgerus\" >Orgerus<\/option><option value=\"Saint-L\u00e9ger-en-Yvelines\" >Saint-L\u00e9ger-en-Yvelines<\/option><option value=\"Bazainville\" >Bazainville<\/option><option value=\"Prouais\" >Prouais<\/option><option value=\"Raizeux\" >Raizeux<\/option><\/select><\/div><div id=\"wpforms-54-field_26-container\" class=\"wpforms-field wpforms-field-checkbox\" data-field-id=\"26\"><label class=\"wpforms-field-label\">Jour(s) Souhait\u00e9(s)<\/label><ul id=\"wpforms-54-field_26\"><li class=\"choice-1 depth-1\"><input type=\"checkbox\" id=\"wpforms-54-field_26_1\" name=\"wpforms[fields][26][]\" value=\"Lundi\"  ><label class=\"wpforms-field-label-inline\" for=\"wpforms-54-field_26_1\">Lundi<\/label><\/li><li class=\"choice-2 depth-1\"><input type=\"checkbox\" id=\"wpforms-54-field_26_2\" name=\"wpforms[fields][26][]\" value=\"Mardi\"  ><label class=\"wpforms-field-label-inline\" for=\"wpforms-54-field_26_2\">Mardi<\/label><\/li><li class=\"choice-3 depth-1\"><input type=\"checkbox\" id=\"wpforms-54-field_26_3\" name=\"wpforms[fields][26][]\" value=\"Mercredi\"  ><label class=\"wpforms-field-label-inline\" for=\"wpforms-54-field_26_3\">Mercredi<\/label><\/li><li class=\"choice-6 depth-1\"><input type=\"checkbox\" id=\"wpforms-54-field_26_6\" name=\"wpforms[fields][26][]\" value=\"Jeudi\"  ><label class=\"wpforms-field-label-inline\" for=\"wpforms-54-field_26_6\">Jeudi<\/label><\/li><li class=\"choice-5 depth-1\"><input type=\"checkbox\" id=\"wpforms-54-field_26_5\" name=\"wpforms[fields][26][]\" value=\"Vendredi\"  ><label class=\"wpforms-field-label-inline\" for=\"wpforms-54-field_26_5\">Vendredi<\/label><\/li><li class=\"choice-4 depth-1\"><input type=\"checkbox\" id=\"wpforms-54-field_26_4\" name=\"wpforms[fields][26][]\" value=\"Samedi\"  ><label class=\"wpforms-field-label-inline\" for=\"wpforms-54-field_26_4\">Samedi<\/label><\/li><\/ul><div class=\"wpforms-field-description\">Pour savoir quel jour est disponible dans la ville souhait\u00e9e, r\u00e9f\u00e9rez vous \u00e0 la grille des jours en page d&rsquo;accueil.<\/div><\/div><div id=\"wpforms-54-field_1-container\" class=\"wpforms-field wpforms-field-text\" data-field-id=\"1\"><label class=\"wpforms-field-label\" for=\"wpforms-54-field_1\">Plage horaire souhait\u00e9e <span class=\"wpforms-required-label\">*<\/span><\/label><input type=\"text\" id=\"wpforms-54-field_1\" class=\"wpforms-field-medium wpforms-field-required\" name=\"wpforms[fields][1]\" required><div class=\"wpforms-field-description\">Vous serez recontact\u00e9 ult\u00e9rieurement afin de confirmer la disponibilit\u00e9 du cr\u00e9neau choisi et dans le cas contraire, vous proposer un horaire qui conviendra au professeur comme \u00e0 l&rsquo;\u00e9l\u00e8ve.<\/div><\/div><div id=\"wpforms-54-field_16-container\" class=\"wpforms-field wpforms-field-select wpforms-field-select-style-classic\" data-field-id=\"16\"><label class=\"wpforms-field-label\" for=\"wpforms-54-field_16\">Formule <span class=\"wpforms-required-label\">*<\/span><\/label><select id=\"wpforms-54-field_16\" class=\"wpforms-field-medium wpforms-field-required\" name=\"wpforms[fields][16]\" required=\"required\"><option value=\"Cours 20mn x31 : 440\u20ac\" >Cours 20mn x31 : 440\u20ac<\/option><option value=\"Cours 30mn x31 : 660\u20ac\" >Cours 30mn x31 : 660\u20ac<\/option><option value=\"Cours 40mn x31 : 880\u20ac\" >Cours 40mn x31 : 880\u20ac<\/option><option value=\"Atelier de groupe 1h x31 : 330\u20ac\" >Atelier de groupe 1h x31 : 330\u20ac<\/option><\/select><div class=\"wpforms-field-description\">Si vous avez un doute sur la dur\u00e9e, il est tr\u00e8s fortement recommand\u00e9 de prendre contact avec le professeur. La dur\u00e9e standard d&rsquo;un cours de musique est de 30 minutes.\n\nL&rsquo;inscription en atelier de groupe n\u00e9cessite une approbation du professeur s&rsquo;en occupant et n&rsquo;est pas ouvert \u00e0 toutes les inscriptions.<\/div><\/div><div id=\"wpforms-54-field_17-container\" class=\"wpforms-field wpforms-field-checkbox\" data-field-id=\"17\"><label class=\"wpforms-field-label\">R\u00e9duction multi-inscrits<\/label><ul id=\"wpforms-54-field_17\"><li class=\"choice-1 depth-1\"><input type=\"checkbox\" id=\"wpforms-54-field_17_1\" name=\"wpforms[fields][17][]\" value=\"A appliquer \u00e0 partir du deuxi\u00e8me \u00e9l\u00e8ve de la m\u00eame famille : -7%\"  ><label class=\"wpforms-field-label-inline\" for=\"wpforms-54-field_17_1\">A appliquer \u00e0 partir du deuxi\u00e8me \u00e9l\u00e8ve de la m\u00eame famille : -7%<\/label><\/li><\/ul><div class=\"wpforms-field-description\">Ne remplir que si vous \u00eates plusieurs personnes de la m\u00eame famille \u00e0 prendre des cours dans l&rsquo;association<\/div><\/div><div id=\"wpforms-54-field_18-container\" class=\"wpforms-field wpforms-field-checkbox\" data-field-id=\"18\"><label class=\"wpforms-field-label\">Autre <span class=\"wpforms-required-label\">*<\/span><\/label><ul id=\"wpforms-54-field_18\" class=\"wpforms-field-required\"><li class=\"choice-4 depth-1\"><input type=\"checkbox\" id=\"wpforms-54-field_18_4\" name=\"wpforms[fields][18][]\" value=\"Adh\u00e9sion annuelle \u00e0 l&#039;association: 40\u20ac\" required ><label class=\"wpforms-field-label-inline\" for=\"wpforms-54-field_18_4\">Adh\u00e9sion annuelle \u00e0 l&rsquo;association: 40\u20ac<\/label><\/li><li class=\"choice-5 depth-1\"><input type=\"checkbox\" id=\"wpforms-54-field_18_5\" name=\"wpforms[fields][18][]\" value=\"Je suis d\u00e9j\u00e0 adh\u00e9rent \u00e0 l&#039;association (multi-inscrits)\" required ><label class=\"wpforms-field-label-inline\" for=\"wpforms-54-field_18_5\">Je suis d\u00e9j\u00e0 adh\u00e9rent \u00e0 l&rsquo;association (multi-inscrits)<\/label><\/li><li class=\"choice-3 depth-1\"><input type=\"checkbox\" id=\"wpforms-54-field_18_3\" name=\"wpforms[fields][18][]\" value=\"Location: 30\u20ac\" required ><label class=\"wpforms-field-label-inline\" for=\"wpforms-54-field_18_3\">Location: 30\u20ac<\/label><\/li><\/ul><div class=\"wpforms-field-description\">L&rsquo;adh\u00e9sion \u00e0 l&rsquo;association est obligatoire. Une seule adh\u00e9sion par famille et par an.<\/div><\/div><div id=\"wpforms-54-field_21-container\" class=\"wpforms-field wpforms-field-checkbox\" data-field-id=\"21\"><label class=\"wpforms-field-label\">Pour conna\u00eetre le montant des cours je pr\u00e9f\u00e8re \u00eatre contacter par: <span class=\"wpforms-required-label\">*<\/span><\/label><ul id=\"wpforms-54-field_21\" class=\"wpforms-field-required\"><li class=\"choice-1 depth-1\"><input type=\"checkbox\" id=\"wpforms-54-field_21_1\" name=\"wpforms[fields][21][]\" value=\"Mail\" required ><label class=\"wpforms-field-label-inline\" for=\"wpforms-54-field_21_1\">Mail<\/label><\/li><li class=\"choice-2 depth-1\"><input type=\"checkbox\" id=\"wpforms-54-field_21_2\" name=\"wpforms[fields][21][]\" value=\"T\u00e9l\u00e9phone\" required ><label class=\"wpforms-field-label-inline\" for=\"wpforms-54-field_21_2\">T\u00e9l\u00e9phone<\/label><\/li><li class=\"choice-4 depth-1\"><input type=\"checkbox\" id=\"wpforms-54-field_21_4\" name=\"wpforms[fields][21][]\" value=\"Peu importe\" required ><label class=\"wpforms-field-label-inline\" for=\"wpforms-54-field_21_4\">Peu importe<\/label><\/li><\/ul><\/div><div id=\"wpforms-54-field_22-container\" class=\"wpforms-field wpforms-field-checkbox\" data-field-id=\"22\"><label class=\"wpforms-field-label\">Je souhaite payer en <span class=\"wpforms-required-label\">*<\/span><\/label><ul id=\"wpforms-54-field_22\" class=\"wpforms-field-required\"><li class=\"choice-3 depth-1\"><input type=\"checkbox\" id=\"wpforms-54-field_22_3\" name=\"wpforms[fields][22][]\" value=\"Une fois\" required ><label class=\"wpforms-field-label-inline\" for=\"wpforms-54-field_22_3\">Une fois<\/label><\/li><li class=\"choice-4 depth-1\"><input type=\"checkbox\" id=\"wpforms-54-field_22_4\" name=\"wpforms[fields][22][]\" value=\"Trois frois\" required ><label class=\"wpforms-field-label-inline\" for=\"wpforms-54-field_22_4\">Trois frois<\/label><\/li><li class=\"choice-5 depth-1\"><input type=\"checkbox\" id=\"wpforms-54-field_22_5\" name=\"wpforms[fields][22][]\" value=\"Dix fois\" required ><label class=\"wpforms-field-label-inline\" for=\"wpforms-54-field_22_5\">Dix fois<\/label><\/li><\/ul><div class=\"wpforms-field-description\">Le paiement s&rsquo;effectue par ch\u00e8que uniquement<\/div><\/div><div id=\"wpforms-54-field_24-container\" class=\"wpforms-field wpforms-field-textarea\" data-field-id=\"24\"><label class=\"wpforms-field-label\" for=\"wpforms-54-field_24\">Souhaitez-vous ajouter une information?<\/label><textarea id=\"wpforms-54-field_24\" class=\"wpforms-field-medium\" name=\"wpforms[fields][24]\" ><\/textarea><div class=\"wpforms-field-description\">Merci de nous signaler par exemple le nom des autres personnes de la famille inscrites ou d&rsquo;autres informations que vous pensez importantes pour votre inscription.<\/div><\/div><div id=\"wpforms-54-field_25-container\" class=\"wpforms-field wpforms-field-checkbox wpforms-list-inline\" data-field-id=\"25\"><label class=\"wpforms-field-label\">R\u00e8glement <span class=\"wpforms-required-label\">*<\/span><\/label><ul id=\"wpforms-54-field_25\" class=\"wpforms-field-required wpforms-image-choices wpforms-image-choices-modern\"><li class=\"choice-1 depth-1 wpforms-image-choices-item\"><label class=\"wpforms-field-label-inline\" for=\"wpforms-54-field_25_1\" tabindex=\"0\"><span class=\"wpforms-image-choices-image\"><img data-recalc-dims=\"1\" decoding=\"async\" src=\"https:\/\/i0.wp.com\/lcdmusique.fr\/wp-content\/uploads\/2025\/08\/reglementLCM-2025-2026.jpg?w=1170\" alt=\"J&#039;ai lu et j&#039;accepte le r\u00e8glement de l&#039;association\" title=\"J&#039;ai lu et j&#039;accepte le r\u00e8glement de l&#039;association\"><\/span><input type=\"checkbox\" id=\"wpforms-54-field_25_1\" class=\"wpforms-screen-reader-element\" name=\"wpforms[fields][25][]\" value=\"J&#039;ai lu et j&#039;accepte le r\u00e8glement de l&#039;association\" tabindex=\"-1\" required ><span class=\"wpforms-image-choices-label\">J&rsquo;ai lu et j&rsquo;accepte le r\u00e8glement de l&rsquo;association<\/span><\/label><\/li><\/ul><div class=\"wpforms-field-description\">Cliquez sur l&rsquo;image du r\u00e8glement ci-dessus pour confirmer<\/div><\/div><\/div><!-- .wpforms-field-container --><div class=\"wpforms-recaptcha-container wpforms-is-recaptcha wpforms-is-recaptcha-type-invisible\" ><div class=\"g-recaptcha\" data-sitekey=\"6LdYK-MjAAAAABWraGccl4sC9DBT2FLz2mkOdpNH\" data-size=\"invisible\"><\/div><\/div><div class=\"wpforms-submit-container\" ><input type=\"hidden\" name=\"wpforms[id]\" value=\"54\"><input type=\"hidden\" name=\"page_title\" value=\"\"><input type=\"hidden\" name=\"page_url\" value=\"http:\/\/lcdmusique.fr\/index.php?rest_route=\/wp\/v2\/pages\/82\"><input type=\"hidden\" name=\"url_referer\" value=\"\"><button type=\"submit\" name=\"wpforms[submit]\" id=\"wpforms-submit-54\" class=\"wpforms-submit\" data-alt-text=\"Envoi...\" data-submit-text=\"S&#039;inscrire\" aria-live=\"assertive\" value=\"wpforms-submit\">S&#039;inscrire<\/button><img loading=\"lazy\" decoding=\"async\" src=\"http:\/\/lcdmusique.fr\/wp-content\/plugins\/wpforms-lite\/assets\/images\/submit-spin.svg\" class=\"wpforms-submit-spinner\" style=\"display: none;\" width=\"26\" height=\"26\" alt=\"Chargement en cours\"><\/div><\/form><\/div>  <!-- .wpforms-container -->\n\n\n<div data-wp-interactive=\"core\/file\" class=\"wp-block-file\"><object data-wp-bind--hidden=\"!state.hasPdfPreview\" hidden class=\"wp-block-file__embed\" data=\"http:\/\/lcdmusique.fr\/wp-content\/uploads\/2023\/09\/bulletin-dadhesion-LCM-2023-2024.pdf\" type=\"application\/pdf\" style=\"width:100%;height:600px\" aria-label=\"Contenu embarqu\u00e9 bulletin-dadhesion-LCM-2023-2024.\"><\/object><a id=\"wp-block-file--media-f3a20a38-e51f-45ef-abb7-9bcd47bee81e\" href=\"http:\/\/lcdmusique.fr\/wp-content\/uploads\/2023\/09\/bulletin-dadhesion-LCM-2023-2024.pdf\">bulletin-dadhesion-LCM-2023-2024<\/a><a href=\"http:\/\/lcdmusique.fr\/wp-content\/uploads\/2023\/09\/bulletin-dadhesion-LCM-2023-2024.pdf\" class=\"wp-block-file__button wp-element-button\" download aria-describedby=\"wp-block-file--media-f3a20a38-e51f-45ef-abb7-9bcd47bee81e\">T\u00e9l\u00e9charger<\/a><\/div>\n","protected":false},"excerpt":{"rendered":"","protected":false},"author":1,"featured_media":0,"parent":0,"menu_order":0,"comment_status":"closed","ping_status":"closed","template":"","meta":{"footnotes":""},"class_list":["post-82","page","type-page","status-publish","hentry"],"yoast_head":"<!-- This site is optimized with the Yoast SEO plugin v25.6 - https:\/\/yoast.com\/wordpress\/plugins\/seo\/ -->\n<title>Inscription - LES CHEMINS DE LA MUSIQUE<\/title>\n<meta name=\"robots\" content=\"index, follow, max-snippet:-1, max-image-preview:large, max-video-preview:-1\" \/>\n<link rel=\"canonical\" href=\"http:\/\/lcdmusique.fr\/?page_id=82\" \/>\n<meta property=\"og:locale\" content=\"fr_FR\" \/>\n<meta property=\"og:type\" content=\"article\" \/>\n<meta property=\"og:title\" content=\"Inscription - LES CHEMINS DE LA MUSIQUE\" \/>\n<meta property=\"og:url\" content=\"http:\/\/lcdmusique.fr\/?page_id=82\" \/>\n<meta property=\"og:site_name\" content=\"LES CHEMINS DE LA MUSIQUE\" \/>\n<meta property=\"article:modified_time\" content=\"2023-09-25T02:15:14+00:00\" \/>\n<meta name=\"twitter:card\" content=\"summary_large_image\" \/>\n<meta name=\"twitter:label1\" content=\"Dur\u00e9e de lecture estim\u00e9e\" \/>\n\t<meta name=\"twitter:data1\" content=\"1 minute\" \/>\n<script type=\"application\/ld+json\" class=\"yoast-schema-graph\">{\"@context\":\"https:\/\/schema.org\",\"@graph\":[{\"@type\":\"WebPage\",\"@id\":\"http:\/\/lcdmusique.fr\/?page_id=82\",\"url\":\"http:\/\/lcdmusique.fr\/?page_id=82\",\"name\":\"Inscription - LES CHEMINS DE LA MUSIQUE\",\"isPartOf\":{\"@id\":\"https:\/\/lcdmusique.fr\/#website\"},\"datePublished\":\"2022-06-19T20:45:45+00:00\",\"dateModified\":\"2023-09-25T02:15:14+00:00\",\"breadcrumb\":{\"@id\":\"http:\/\/lcdmusique.fr\/?page_id=82#breadcrumb\"},\"inLanguage\":\"fr-FR\",\"potentialAction\":[{\"@type\":\"ReadAction\",\"target\":[\"http:\/\/lcdmusique.fr\/?page_id=82\"]}]},{\"@type\":\"BreadcrumbList\",\"@id\":\"http:\/\/lcdmusique.fr\/?page_id=82#breadcrumb\",\"itemListElement\":[{\"@type\":\"ListItem\",\"position\":1,\"name\":\"Accueil\",\"item\":\"https:\/\/lcdmusique.fr\/\"},{\"@type\":\"ListItem\",\"position\":2,\"name\":\"Inscription\"}]},{\"@type\":\"WebSite\",\"@id\":\"https:\/\/lcdmusique.fr\/#website\",\"url\":\"https:\/\/lcdmusique.fr\/\",\"name\":\"LES CHEMINS DE LA MUSIQUE\",\"description\":\"\",\"publisher\":{\"@id\":\"https:\/\/lcdmusique.fr\/#organization\"},\"potentialAction\":[{\"@type\":\"SearchAction\",\"target\":{\"@type\":\"EntryPoint\",\"urlTemplate\":\"https:\/\/lcdmusique.fr\/?s={search_term_string}\"},\"query-input\":{\"@type\":\"PropertyValueSpecification\",\"valueRequired\":true,\"valueName\":\"search_term_string\"}}],\"inLanguage\":\"fr-FR\"},{\"@type\":\"Organization\",\"@id\":\"https:\/\/lcdmusique.fr\/#organization\",\"name\":\"Les chemins de la musique\",\"url\":\"https:\/\/lcdmusique.fr\/\",\"logo\":{\"@type\":\"ImageObject\",\"inLanguage\":\"fr-FR\",\"@id\":\"https:\/\/lcdmusique.fr\/#\/schema\/logo\/image\/\",\"url\":\"https:\/\/i0.wp.com\/lcdmusique.fr\/wp-content\/uploads\/2022\/06\/logo-1.jpg?fit=842%2C404&ssl=1\",\"contentUrl\":\"https:\/\/i0.wp.com\/lcdmusique.fr\/wp-content\/uploads\/2022\/06\/logo-1.jpg?fit=842%2C404&ssl=1\",\"width\":842,\"height\":404,\"caption\":\"Les chemins de la musique\"},\"image\":{\"@id\":\"https:\/\/lcdmusique.fr\/#\/schema\/logo\/image\/\"}}]}<\/script>\n<!-- \/ Yoast SEO plugin. -->","yoast_head_json":{"title":"Inscription - LES CHEMINS DE LA MUSIQUE","robots":{"index":"index","follow":"follow","max-snippet":"max-snippet:-1","max-image-preview":"max-image-preview:large","max-video-preview":"max-video-preview:-1"},"canonical":"http:\/\/lcdmusique.fr\/?page_id=82","og_locale":"fr_FR","og_type":"article","og_title":"Inscription - LES CHEMINS DE LA MUSIQUE","og_url":"http:\/\/lcdmusique.fr\/?page_id=82","og_site_name":"LES CHEMINS DE LA MUSIQUE","article_modified_time":"2023-09-25T02:15:14+00:00","twitter_card":"summary_large_image","twitter_misc":{"Dur\u00e9e de lecture estim\u00e9e":"1 minute"},"schema":{"@context":"https:\/\/schema.org","@graph":[{"@type":"WebPage","@id":"http:\/\/lcdmusique.fr\/?page_id=82","url":"http:\/\/lcdmusique.fr\/?page_id=82","name":"Inscription - LES CHEMINS DE LA MUSIQUE","isPartOf":{"@id":"https:\/\/lcdmusique.fr\/#website"},"datePublished":"2022-06-19T20:45:45+00:00","dateModified":"2023-09-25T02:15:14+00:00","breadcrumb":{"@id":"http:\/\/lcdmusique.fr\/?page_id=82#breadcrumb"},"inLanguage":"fr-FR","potentialAction":[{"@type":"ReadAction","target":["http:\/\/lcdmusique.fr\/?page_id=82"]}]},{"@type":"BreadcrumbList","@id":"http:\/\/lcdmusique.fr\/?page_id=82#breadcrumb","itemListElement":[{"@type":"ListItem","position":1,"name":"Accueil","item":"https:\/\/lcdmusique.fr\/"},{"@type":"ListItem","position":2,"name":"Inscription"}]},{"@type":"WebSite","@id":"https:\/\/lcdmusique.fr\/#website","url":"https:\/\/lcdmusique.fr\/","name":"LES CHEMINS DE LA MUSIQUE","description":"","publisher":{"@id":"https:\/\/lcdmusique.fr\/#organization"},"potentialAction":[{"@type":"SearchAction","target":{"@type":"EntryPoint","urlTemplate":"https:\/\/lcdmusique.fr\/?s={search_term_string}"},"query-input":{"@type":"PropertyValueSpecification","valueRequired":true,"valueName":"search_term_string"}}],"inLanguage":"fr-FR"},{"@type":"Organization","@id":"https:\/\/lcdmusique.fr\/#organization","name":"Les chemins de la musique","url":"https:\/\/lcdmusique.fr\/","logo":{"@type":"ImageObject","inLanguage":"fr-FR","@id":"https:\/\/lcdmusique.fr\/#\/schema\/logo\/image\/","url":"https:\/\/i0.wp.com\/lcdmusique.fr\/wp-content\/uploads\/2022\/06\/logo-1.jpg?fit=842%2C404&ssl=1","contentUrl":"https:\/\/i0.wp.com\/lcdmusique.fr\/wp-content\/uploads\/2022\/06\/logo-1.jpg?fit=842%2C404&ssl=1","width":842,"height":404,"caption":"Les chemins de la musique"},"image":{"@id":"https:\/\/lcdmusique.fr\/#\/schema\/logo\/image\/"}}]}},"jetpack_sharing_enabled":true,"_links":{"self":[{"href":"http:\/\/lcdmusique.fr\/index.php?rest_route=\/wp\/v2\/pages\/82","targetHints":{"allow":["GET"]}}],"collection":[{"href":"http:\/\/lcdmusique.fr\/index.php?rest_route=\/wp\/v2\/pages"}],"about":[{"href":"http:\/\/lcdmusique.fr\/index.php?rest_route=\/wp\/v2\/types\/page"}],"author":[{"embeddable":true,"href":"http:\/\/lcdmusique.fr\/index.php?rest_route=\/wp\/v2\/users\/1"}],"replies":[{"embeddable":true,"href":"http:\/\/lcdmusique.fr\/index.php?rest_route=%2Fwp%2Fv2%2Fcomments&post=82"}],"version-history":[{"count":4,"href":"http:\/\/lcdmusique.fr\/index.php?rest_route=\/wp\/v2\/pages\/82\/revisions"}],"predecessor-version":[{"id":391,"href":"http:\/\/lcdmusique.fr\/index.php?rest_route=\/wp\/v2\/pages\/82\/revisions\/391"}],"wp:attachment":[{"href":"http:\/\/lcdmusique.fr\/index.php?rest_route=%2Fwp%2Fv2%2Fmedia&parent=82"}],"curies":[{"name":"wp","href":"https:\/\/api.w.org\/{rel}","templated":true}]}}